Last updated on 2025-06-17 15:48:56 CEST.
Flavor | Version | Tinstall | Tcheck | Ttotal | Status | Flags |
---|---|---|---|---|---|---|
r-devel-linux-x86_64-debian-clang | 3.2 | 29.42 | 228.64 | 258.06 | NOTE | |
r-devel-linux-x86_64-debian-gcc | 3.2 | 21.22 | 169.64 | 190.86 | NOTE | |
r-devel-linux-x86_64-fedora-clang | 3.2 | 411.13 | OK | |||
r-devel-linux-x86_64-fedora-gcc | 3.2 | 348.80 | OK | |||
r-devel-windows-x86_64 | 3.2 | 48.00 | 356.00 | 404.00 | OK | |
r-patched-linux-x86_64 | 3.2 | 33.92 | 235.60 | 269.52 | OK | |
r-release-linux-x86_64 | 3.2 | 33.84 | 234.77 | 268.61 | OK | |
r-release-macos-arm64 | 3.2 | 214.00 | OK | |||
r-release-macos-x86_64 | 3.2 | 240.00 | OK | |||
r-release-windows-x86_64 | 3.2 | 48.00 | 312.00 | 360.00 | OK | |
r-oldrel-macos-arm64 | 3.2 | 156.00 | OK | |||
r-oldrel-macos-x86_64 | 3.2 | 191.00 | OK | |||
r-oldrel-windows-x86_64 | 3.2 | 47.00 | 313.00 | 360.00 | OK |
Version: 3.2
Check: CRAN incoming feasibility
Result: NOTE
Maintainer: ‘Arto Luoma <[email protected]>’
No Authors@R field in DESCRIPTION.
Please add one, modifying
Authors@R: person(given = "Arto",
family = "Luoma",
role = c("aut", "cre"),
email = "[email protected]")
as necessary.
Flavors: r-devel-linux-x86_64-debian-clang, r-devel-linux-x86_64-debian-gcc