CRAN Package Check Results for Package RcmdrPlugin.IPSUR

Last updated on 2021-02-25 02:48:46 CET.

Flavor Version Tinstall Tcheck Ttotal Status Flags
r-devel-linux-x86_64-debian-clang 0.2-1.1 34.50 162.11 196.61 NOTE
r-devel-linux-x86_64-debian-gcc 0.2-1.1 23.54 123.61 147.15 NOTE
r-devel-linux-x86_64-fedora-clang 0.2-1.1 266.35 NOTE
r-devel-linux-x86_64-fedora-gcc 0.2-1.1 259.72 NOTE
r-devel-windows-ix86+x86_64 0.2-1.1 33.00 116.00 149.00 NOTE
r-patched-linux-x86_64 0.2-1.1 23.11 148.50 171.61 NOTE
r-patched-solaris-x86 0.2-1.1 383.90 NOTE
r-release-linux-x86_64 0.2-1.1 22.49 149.87 172.36 NOTE
r-release-macos-x86_64 0.2-1.1 NOTE
r-release-windows-ix86+x86_64 0.2-1.1 53.00 176.00 229.00 NOTE
r-oldrel-macos-x86_64 0.2-1.1 NOTE
r-oldrel-windows-ix86+x86_64 0.2-1.1 28.00 110.00 138.00 NOTE

Check Details

Version: 0.2-1.1
Check: dependencies in R code
Result: NOTE
    'library' or 'require' calls in package code:
     'abind' 'e1071' 'qcc'
     Please use :: or requireNamespace() instead.
     See section 'Suggested packages' in the 'Writing R Extensions' manual.
Flavors: r-devel-linux-x86_64-debian-clang, r-devel-linux-x86_64-debian-gcc, r-devel-linux-x86_64-fedora-clang, r-devel-linux-x86_64-fedora-gcc, r-devel-windows-ix86+x86_64, r-patched-linux-x86_64, r-patched-solaris-x86, r-release-linux-x86_64, r-release-macos-x86_64, r-release-windows-ix86+x86_64, r-oldrel-macos-x86_64, r-oldrel-windows-ix86+x86_64