CRAN Package Check Results for Package RTextTools

Last updated on 2021-09-21 15:51:19 CEST.

Flavor Version Tinstall Tcheck Ttotal Status Flags
r-devel-linux-x86_64-debian-clang 1.4.3 14.28 109.52 123.80 OK
r-devel-linux-x86_64-debian-gcc 1.4.3 10.30 86.52 96.82 OK
r-devel-linux-x86_64-fedora-clang 1.4.3 155.41 NOTE
r-devel-linux-x86_64-fedora-gcc 1.4.3 143.91 NOTE
r-devel-windows-x86_64 1.4.3 18.00 104.00 122.00 OK
r-devel-windows-x86_64-gcc10-UCRT 1.4.3 ERROR
r-patched-linux-x86_64 1.4.3 12.79 105.40 118.19 OK
r-patched-solaris-x86 1.4.3 228.20 OK
r-release-linux-x86_64 1.4.3 10.99 104.75 115.74 OK
r-release-macos-arm64 1.4.3 OK
r-release-macos-x86_64 1.4.3 OK
r-release-windows-ix86+x86_64 1.4.3 37.00 197.00 234.00 OK
r-oldrel-macos-x86_64 1.4.3 OK
r-oldrel-windows-ix86+x86_64 1.4.3 38.00 149.00 187.00 OK

Check Details

Version: 1.4.3
Check: compiled code
Result: NOTE
    File ‘RTextTools/libs/RTextTools.so’:
     Found no calls to: ‘R_registerRoutines’, ‘R_useDynamicSymbols’
    
    It is good practice to register native routines and to disable symbol
    search.
    
    See ‘Writing portable packages’ in the ‘Writing R Extensions’ manual.
Flavors: r-devel-linux-x86_64-fedora-clang, r-devel-linux-x86_64-fedora-gcc

Version: 1.4.3
Check: whether package can be installed
Result: ERROR
    Installation failed.
Flavor: r-devel-windows-x86_64-gcc10-UCRT