CRAN Package Check Results for Package RTD

Last updated on 2021-08-01 03:50:21 CEST.

Flavor Version Tinstall Tcheck Ttotal Status Flags
r-devel-linux-x86_64-debian-clang 0.4.1 6.45 50.57 57.02 NOTE
r-devel-linux-x86_64-debian-gcc 0.4.1 4.78 38.21 42.99 NOTE
r-devel-linux-x86_64-fedora-clang 0.4.1 76.82 NOTE
r-devel-linux-x86_64-fedora-gcc 0.4.1 80.00 NOTE
r-devel-windows-x86_64 0.4.1 12.00 72.00 84.00 NOTE
r-devel-windows-x86_64-gcc10-UCRT 0.4.1 NOTE
r-patched-linux-x86_64 0.4.1 NOTE
r-patched-solaris-x86 0.4.1 93.30 NOTE
r-release-linux-x86_64 0.4.1 4.99 47.13 52.12 NOTE
r-release-macos-arm64 0.4.1 NOTE
r-release-macos-x86_64 0.4.1 NOTE
r-release-windows-ix86+x86_64 0.4.1 17.00 67.00 84.00 NOTE
r-oldrel-macos-x86_64 0.4.1 OK
r-oldrel-windows-ix86+x86_64 0.4.1 13.00 69.00 82.00 OK

Check Details

Version: 0.4.1
Check: LazyData
Result: NOTE
     'LazyData' is specified without a 'data' directory
Flavors: r-devel-linux-x86_64-debian-clang, r-devel-linux-x86_64-debian-gcc, r-devel-linux-x86_64-fedora-clang, r-devel-linux-x86_64-fedora-gcc, r-devel-windows-x86_64, r-devel-windows-x86_64-gcc10-UCRT, r-patched-linux-x86_64, r-patched-solaris-x86, r-release-linux-x86_64, r-release-macos-arm64, r-release-macos-x86_64, r-release-windows-ix86+x86_64