CRAN Package Check Results for Package RCT

Last updated on 2021-09-21 15:51:15 CEST.

Flavor Version Tinstall Tcheck Ttotal Status Flags
r-devel-linux-x86_64-debian-clang 1.1.1 6.08 61.50 67.58 OK
r-devel-linux-x86_64-debian-gcc 1.1.1 4.63 46.81 51.44 OK
r-devel-linux-x86_64-fedora-clang 1.1.1 90.83 OK
r-devel-linux-x86_64-fedora-gcc 1.1.1 75.73 OK
r-devel-windows-x86_64 1.1.1 8.00 64.00 72.00 OK
r-devel-windows-x86_64-gcc10-UCRT 1.1.1 ERROR
r-patched-linux-x86_64 1.1.1 5.60 57.15 62.75 OK
r-patched-solaris-x86 1.1.1 110.20 OK
r-release-linux-x86_64 1.1.1 4.83 57.26 62.09 OK
r-release-macos-arm64 1.1.1 OK
r-release-macos-x86_64 1.1.1 OK
r-release-windows-ix86+x86_64 1.1.1 15.00 87.00 102.00 OK
r-oldrel-macos-x86_64 1.1.1 OK
r-oldrel-windows-ix86+x86_64 1.1.1 14.00 90.00 104.00 OK

Check Details

Version: 1.1.1
Check: whether package can be installed
Result: WARN
    Found the following significant warnings:
     WARNING: installation-time patches will not be applied, could not get the patches index
Flavor: r-devel-windows-x86_64-gcc10-UCRT

Version: 1.1.1
Check: PDF version of manual
Result: WARN
    LaTeX errors when creating PDF version.
    This typically indicates Rd problems.
Flavor: r-devel-windows-x86_64-gcc10-UCRT

Version: 1.1.1
Check: PDF version of manual without hyperrefs or index
Result: ERROR
    Re-running with no redirection of stdout/stderr.
Flavor: r-devel-windows-x86_64-gcc10-UCRT