Last updated on 2025-04-30 15:51:44 CEST.
Flavor | Version | Tinstall | Tcheck | Ttotal | Status | Flags |
---|---|---|---|---|---|---|
r-devel-linux-x86_64-debian-clang | 1.1.2 | 1.71 | 25.01 | 26.72 | NOTE | |
r-devel-linux-x86_64-debian-gcc | 1.1.2 | 1.40 | 18.78 | 20.18 | NOTE | |
r-devel-linux-x86_64-fedora-clang | 1.1.2 | 42.18 | OK | |||
r-devel-linux-x86_64-fedora-gcc | 1.1.2 | 40.35 | OK | |||
r-devel-windows-x86_64 | 1.1.2 | 2.00 | 47.00 | 49.00 | OK | |
r-patched-linux-x86_64 | 1.1.2 | 1.81 | 24.45 | 26.26 | OK | |
r-release-linux-x86_64 | 1.1.2 | 1.59 | 24.56 | 26.15 | OK | |
r-release-macos-arm64 | 1.1.2 | 19.00 | OK | |||
r-release-macos-x86_64 | 1.1.2 | 30.00 | OK | |||
r-release-windows-x86_64 | 1.1.2 | 4.00 | 47.00 | 51.00 | OK | |
r-oldrel-macos-arm64 | 1.1.2 | 18.00 | OK | |||
r-oldrel-macos-x86_64 | 1.1.2 | 24.00 | OK | |||
r-oldrel-windows-x86_64 | 1.1.2 | 3.00 | 48.00 | 51.00 | OK |
Version: 1.1.2
Check: CRAN incoming feasibility
Result: NOTE
Maintainer: ‘Travis Loux <[email protected]>’
No Authors@R field in DESCRIPTION.
Please add one, modifying
Authors@R: person(given = "Travis",
family = "Loux",
role = c("aut", "cre"),
email = "[email protected]")
as necessary.
Flavors: r-devel-linux-x86_64-debian-clang, r-devel-linux-x86_64-debian-gcc
Version: 1.1.2
Check: examples
Result: NOTE
Examples with CPU (user + system) or elapsed time > 5s
user system elapsed
pcr 5.909 0.01 6.865
Flavor: r-devel-linux-x86_64-debian-clang