CRAN Package Check Results for Package OutliersO3

Last updated on 2021-09-21 15:51:09 CEST.

Flavor Version Tinstall Tcheck Ttotal Status Flags
r-devel-linux-x86_64-debian-clang 0.6.3 8.91 170.37 179.28 OK
r-devel-linux-x86_64-debian-gcc 0.6.3 7.02 123.62 130.64 OK
r-devel-linux-x86_64-fedora-clang 0.6.3 211.85 OK
r-devel-linux-x86_64-fedora-gcc 0.6.3 197.23 OK
r-devel-windows-x86_64 0.6.3 12.00 154.00 166.00 OK
r-devel-windows-x86_64-gcc10-UCRT 0.6.3 ERROR
r-patched-linux-x86_64 0.6.3 8.13 164.95 173.08 OK
r-patched-solaris-x86 0.6.3 159.30 OK
r-release-linux-x86_64 0.6.3 8.29 164.86 173.15 OK
r-release-macos-arm64 0.6.3 OK
r-release-macos-x86_64 0.6.3 OK
r-release-windows-ix86+x86_64 0.6.3 24.00 208.00 232.00 OK
r-oldrel-macos-x86_64 0.6.3 OK
r-oldrel-windows-ix86+x86_64 0.6.3 23.00 215.00 238.00 OK

Check Details

Version: 0.6.3
Check: package dependencies
Result: ERROR
    Package required but not available: 'rlist'
    
    See section 'The DESCRIPTION file' in the 'Writing R Extensions'
    manual.
Flavor: r-devel-windows-x86_64-gcc10-UCRT