CRAN Package Check Results for Package MCPModPack

Last updated on 2021-12-03 14:52:25 CET.

Flavor Version Tinstall Tcheck Ttotal Status Flags
r-devel-linux-x86_64-debian-clang 0.4 41.30 69.27 110.57 OK
r-devel-linux-x86_64-debian-gcc 0.4 35.09 50.30 85.39 OK
r-devel-linux-x86_64-fedora-clang 0.4 163.77 OK
r-devel-linux-x86_64-fedora-gcc 0.4 160.24 OK
r-devel-windows-x86_64-new-UL 0.4 64.00 150.00 214.00 OK
r-devel-windows-x86_64-new-TK 0.4 OK
r-devel-windows-x86_64-old 0.4 60.00 95.00 155.00 OK
r-patched-linux-x86_64 0.4 41.67 64.32 105.99 OK
r-release-linux-x86_64 0.4 42.72 62.32 105.04 OK
r-release-macos-arm64 0.4 NOTE
r-release-macos-x86_64 0.4 NOTE
r-release-windows-ix86+x86_64 0.4 105.00 136.00 241.00 OK
r-oldrel-macos-x86_64 0.4 NOTE
r-oldrel-windows-ix86+x86_64 0.4 103.00 136.00 239.00 OK

Check Details

Version: 0.4
Check: installed package size
Result: NOTE
     installed size is 6.6Mb
     sub-directories of 1Mb or more:
     libs 6.1Mb
Flavors: r-release-macos-arm64, r-release-macos-x86_64, r-oldrel-macos-x86_64