Last updated on 2021-04-19 03:49:18 CEST.
Flavor | Version | Tinstall | Tcheck | Ttotal | Status | Flags |
---|---|---|---|---|---|---|
r-devel-linux-x86_64-debian-clang | 3.11.3 | 25.93 | 263.74 | 289.67 | OK | |
r-devel-linux-x86_64-debian-gcc | 3.11.3 | 17.58 | 197.73 | 215.31 | OK | |
r-devel-linux-x86_64-fedora-clang | 3.11.3 | 347.14 | OK | |||
r-devel-linux-x86_64-fedora-gcc | 3.11.3 | 365.14 | OK | |||
r-devel-windows-ix86+x86_64 | 3.11.3 | 35.00 | 184.00 | 219.00 | OK | |
r-devel-windows-x86_64-gcc10-UCRT | 3.11.3 | OK | ||||
r-patched-linux-x86_64 | 3.11.3 | 19.30 | 246.68 | 265.98 | OK | |
r-patched-solaris-x86 | 3.11.3 | 360.60 | NOTE | |||
r-release-linux-x86_64 | 3.11.3 | 18.55 | 246.14 | 264.69 | OK | |
r-release-macos-x86_64 | 3.11.3 | OK | ||||
r-release-windows-ix86+x86_64 | 3.11.3 | 34.00 | 254.00 | 288.00 | OK | |
r-oldrel-macos-x86_64 | 3.11.3 | OK | ||||
r-oldrel-windows-ix86+x86_64 | 3.11.3 | 22.00 | 244.00 | 266.00 | OK |
Version: 3.11.3
Check: installed package size
Result: NOTE
installed size is 5.3Mb
sub-directories of 1Mb or more:
doc 3.8Mb
Flavor: r-patched-solaris-x86