Last updated on 2021-02-25 14:47:26 CET.
Flavor | Version | Tinstall | Tcheck | Ttotal | Status | Flags |
---|---|---|---|---|---|---|
r-devel-linux-x86_64-debian-clang | 1.0.0 | 7.31 | 331.05 | 338.36 | OK | |
r-devel-linux-x86_64-debian-gcc | 1.0.0 | 6.60 | 249.71 | 256.31 | OK | |
r-devel-linux-x86_64-fedora-clang | 1.0.0 | 442.57 | NOTE | |||
r-devel-linux-x86_64-fedora-gcc | 1.0.0 | 422.70 | NOTE | |||
r-devel-windows-ix86+x86_64 | 1.0.0 | 13.00 | 338.00 | 351.00 | OK | |
r-patched-linux-x86_64 | 1.0.0 | 8.52 | 314.08 | 322.60 | OK | |
r-patched-solaris-x86 | 1.0.0 | 995.90 | NOTE | |||
r-release-linux-x86_64 | 1.0.0 | 7.73 | 316.82 | 324.55 | OK | |
r-release-macos-x86_64 | 1.0.0 | NOTE | ||||
r-release-windows-ix86+x86_64 | 1.0.0 | 18.00 | 449.00 | 467.00 | OK | |
r-oldrel-macos-x86_64 | 1.0.0 | NOTE | ||||
r-oldrel-windows-ix86+x86_64 | 1.0.0 | 12.00 | 451.00 | 463.00 | OK |
Version: 1.0.0
Check: dependencies in R code
Result: NOTE
Namespaces in Imports field not imported from:
‘lme4’ ‘reshape2’
All declared Imports should be used.
Flavors: r-devel-linux-x86_64-fedora-clang, r-devel-linux-x86_64-fedora-gcc, r-patched-solaris-x86, r-release-macos-x86_64, r-oldrel-macos-x86_64