CRAN Package Check Results for Package HadamardR

Last updated on 2023-09-24 03:56:05 CEST.

Flavor Version Tinstall Tcheck Ttotal Status Flags
r-devel-linux-x86_64-debian-clang 1.0.0 4.05 36.26 40.31 NOTE
r-devel-linux-x86_64-debian-gcc 1.0.0 3.72 31.39 35.11 NOTE
r-devel-linux-x86_64-fedora-clang 1.0.0 51.76 NOTE
r-devel-linux-x86_64-fedora-gcc 1.0.0 52.52 NOTE
r-devel-windows-x86_64 1.0.0 5.00 59.00 64.00 NOTE
r-patched-linux-x86_64 1.0.0 6.82 35.29 42.11 NOTE
r-release-linux-x86_64 1.0.0 5.51 35.83 41.34 NOTE
r-release-macos-arm64 1.0.0 19.00 NOTE
r-release-macos-x86_64 1.0.0 29.00 NOTE
r-release-windows-x86_64 1.0.0 8.00 63.00 71.00 NOTE
r-oldrel-macos-arm64 1.0.0 19.00 NOTE
r-oldrel-macos-x86_64 1.0.0 27.00 NOTE
r-oldrel-windows-x86_64 1.0.0 7.00 55.00 62.00 NOTE

Check Details

Version: 1.0.0
Check: LazyData
Result: NOTE
     'LazyData' is specified without a 'data' directory
Flavors: r-devel-linux-x86_64-debian-clang, r-devel-linux-x86_64-debian-gcc, r-devel-linux-x86_64-fedora-clang, r-devel-linux-x86_64-fedora-gcc, r-devel-windows-x86_64, r-patched-linux-x86_64, r-release-linux-x86_64, r-release-macos-arm64, r-release-macos-x86_64, r-release-windows-x86_64, r-oldrel-macos-arm64, r-oldrel-macos-x86_64, r-oldrel-windows-x86_64