CRAN Package Check Results for Package HadamardR

Last updated on 2022-10-06 15:53:44 CEST.

Flavor Version Tinstall Tcheck Ttotal Status Flags
r-devel-linux-x86_64-debian-clang 1.0.0 5.34 35.96 41.30 NOTE
r-devel-linux-x86_64-debian-gcc 1.0.0 3.82 27.79 31.61 NOTE
r-devel-linux-x86_64-fedora-clang 1.0.0 62.13 NOTE
r-devel-linux-x86_64-fedora-gcc 1.0.0 60.27 NOTE
r-devel-windows-x86_64 1.0.0 32.00 73.00 105.00 NOTE
r-patched-linux-x86_64 1.0.0 6.46 33.97 40.43 NOTE
r-release-linux-x86_64 1.0.0 4.30 33.79 38.09 NOTE
r-release-macos-arm64 1.0.0 17.00 NOTE
r-release-macos-x86_64 1.0.0 27.00 NOTE
r-release-windows-x86_64 1.0.0 54.00 65.00 119.00 NOTE
r-oldrel-macos-arm64 1.0.0 23.00 NOTE
r-oldrel-macos-x86_64 1.0.0 33.00 NOTE
r-oldrel-windows-ix86+x86_64 1.0.0 9.00 58.00 67.00 NOTE

Check Details

Version: 1.0.0
Check: LazyData
Result: NOTE
     'LazyData' is specified without a 'data' directory
Flavors: r-devel-linux-x86_64-debian-clang, r-devel-linux-x86_64-debian-gcc, r-devel-linux-x86_64-fedora-clang, r-devel-linux-x86_64-fedora-gcc, r-devel-windows-x86_64, r-patched-linux-x86_64, r-release-linux-x86_64, r-release-macos-arm64, r-release-macos-x86_64, r-release-windows-x86_64, r-oldrel-macos-arm64, r-oldrel-macos-x86_64, r-oldrel-windows-ix86+x86_64