CRAN Package Check Results for Package GPCMlasso

Last updated on 2022-10-06 15:53:44 CEST.

Flavor Version Tinstall Tcheck Ttotal Status Flags
r-devel-linux-x86_64-debian-clang 0.1-6 67.03 253.66 320.69 NOTE
r-devel-linux-x86_64-debian-gcc 0.1-6 46.30 171.78 218.08 NOTE
r-devel-linux-x86_64-fedora-clang 0.1-6 397.41 NOTE
r-devel-linux-x86_64-fedora-gcc 0.1-6 373.66 NOTE
r-devel-windows-x86_64 0.1-6 102.00 240.00 342.00 OK
r-patched-linux-x86_64 0.1-6 53.44 227.44 280.88 NOTE
r-release-linux-x86_64 0.1-6 48.38 226.73 275.11 NOTE
r-release-macos-arm64 0.1-6 93.00 OK
r-release-macos-x86_64 0.1-6 128.00 OK
r-release-windows-x86_64 0.1-6 57.00 230.00 287.00 OK
r-oldrel-macos-arm64 0.1-6 96.00 OK
r-oldrel-macos-x86_64 0.1-6 132.00 OK
r-oldrel-windows-ix86+x86_64 0.1-6 144.00 345.00 489.00 OK

Check Details

Version: 0.1-6
Check: package dependencies
Result: NOTE
    Package suggested but not available for checking: 'gvcm.cat'
Flavors: r-devel-linux-x86_64-debian-clang, r-devel-linux-x86_64-debian-gcc, r-devel-linux-x86_64-fedora-clang, r-devel-linux-x86_64-fedora-gcc, r-patched-linux-x86_64, r-release-linux-x86_64

Version: 0.1-6
Check: Rd cross-references
Result: NOTE
    Unknown package 'gvcm.cat' in Rd xrefs
Flavors: r-devel-linux-x86_64-debian-clang, r-devel-linux-x86_64-debian-gcc, r-devel-linux-x86_64-fedora-clang, r-devel-linux-x86_64-fedora-gcc, r-patched-linux-x86_64, r-release-linux-x86_64