Last updated on 2023-09-24 03:56:04 CEST.
Flavor | Version | Tinstall | Tcheck | Ttotal | Status | Flags |
---|---|---|---|---|---|---|
r-devel-linux-x86_64-debian-clang | 0.1-6 | 61.23 | 244.17 | 305.40 | NOTE | |
r-devel-linux-x86_64-debian-gcc | 0.1-6 | 48.31 | 186.65 | 234.96 | NOTE | |
r-devel-linux-x86_64-fedora-clang | 0.1-6 | 435.73 | NOTE | |||
r-devel-linux-x86_64-fedora-gcc | 0.1-6 | 371.86 | NOTE | |||
r-devel-windows-x86_64 | 0.1-6 | 49.00 | 182.00 | 231.00 | NOTE | |
r-patched-linux-x86_64 | 0.1-6 | 53.67 | 220.60 | 274.27 | NOTE | |
r-release-linux-x86_64 | 0.1-6 | 44.88 | 220.66 | 265.54 | NOTE | |
r-release-macos-arm64 | 0.1-6 | 103.00 | NOTE | |||
r-release-macos-x86_64 | 0.1-6 | 172.00 | NOTE | |||
r-release-windows-x86_64 | 0.1-6 | 66.00 | 220.00 | 286.00 | NOTE | |
r-oldrel-macos-arm64 | 0.1-6 | 93.00 | OK | |||
r-oldrel-macos-x86_64 | 0.1-6 | 128.00 | OK | |||
r-oldrel-windows-x86_64 | 0.1-6 | 61.00 | 220.00 | 281.00 | NOTE |
Version: 0.1-6
Check: package dependencies
Result: NOTE
Package suggested but not available for checking: ‘gvcm.cat’
Flavors: r-devel-linux-x86_64-debian-clang, r-devel-linux-x86_64-debian-gcc, r-devel-linux-x86_64-fedora-clang, r-devel-linux-x86_64-fedora-gcc, r-devel-windows-x86_64, r-patched-linux-x86_64, r-release-linux-x86_64, r-release-macos-arm64, r-release-macos-x86_64, r-release-windows-x86_64, r-oldrel-windows-x86_64
Version: 0.1-6
Check: C++ specification
Result: NOTE
Specified C++11: please drop specification unless essential
Flavors: r-devel-linux-x86_64-debian-clang, r-devel-linux-x86_64-debian-gcc, r-devel-linux-x86_64-fedora-clang, r-devel-linux-x86_64-fedora-gcc, r-devel-windows-x86_64, r-patched-linux-x86_64, r-release-linux-x86_64, r-release-macos-arm64, r-release-macos-x86_64, r-release-windows-x86_64
Version: 0.1-6
Check: Rd cross-references
Result: NOTE
Unknown package ‘gvcm.cat’ in Rd xrefs
Flavors: r-devel-linux-x86_64-debian-clang, r-devel-linux-x86_64-debian-gcc, r-devel-linux-x86_64-fedora-clang, r-devel-linux-x86_64-fedora-gcc, r-devel-windows-x86_64, r-patched-linux-x86_64, r-release-linux-x86_64, r-release-macos-arm64, r-release-macos-x86_64, r-release-windows-x86_64, r-oldrel-windows-x86_64