Last updated on 2023-06-08 16:56:37 CEST.
Flavor | Version | Tinstall | Tcheck | Ttotal | Status | Flags |
---|---|---|---|---|---|---|
r-devel-linux-x86_64-debian-clang | 2.5 | 306.75 | 89.75 | 396.50 | OK | |
r-devel-linux-x86_64-debian-gcc | 2.5 | 242.70 | 69.37 | 312.07 | OK | |
r-devel-linux-x86_64-fedora-clang | 2.5 | 615.90 | OK | |||
r-devel-linux-x86_64-fedora-gcc | 2.5 | 602.29 | OK | |||
r-devel-windows-x86_64 | 2.5 | 225.00 | 107.00 | 332.00 | NOTE | |
r-patched-linux-x86_64 | 2.5 | 256.19 | 85.79 | 341.98 | OK | |
r-release-linux-x86_64 | 2.5 | 253.92 | 88.33 | 342.25 | OK | |
r-release-macos-arm64 | 2.5 | 130.00 | NOTE | |||
r-release-macos-x86_64 | 2.5 | 226.00 | NOTE | |||
r-release-windows-x86_64 | 2.5 | 304.00 | 133.00 | 437.00 | NOTE | |
r-oldrel-macos-arm64 | 2.5 | 118.00 | NOTE | |||
r-oldrel-macos-x86_64 | 2.5 | 172.00 | NOTE | |||
r-oldrel-windows-x86_64 | 2.5 | 294.00 | 125.00 | 419.00 | OK |
Version: 2.5
Check: C++ specification
Result: NOTE
Specified C++11: please drop specification unless essential
Flavors: r-devel-windows-x86_64, r-release-windows-x86_64
Version: 2.5
Check: installed package size
Result: NOTE
installed size is 10.8Mb
sub-directories of 1Mb or more:
libs 9.4Mb
shiny_app 1.1Mb
Flavors: r-release-macos-arm64, r-release-macos-x86_64, r-oldrel-macos-arm64, r-oldrel-macos-x86_64