Last updated on 2022-06-30 15:51:39 CEST.
Flavor | Version | Tinstall | Tcheck | Ttotal | Status | Flags |
---|---|---|---|---|---|---|
r-devel-linux-x86_64-debian-clang | 0.2 | 3.34 | 28.96 | 32.30 | NOTE | |
r-devel-linux-x86_64-debian-gcc | 0.2 | 2.14 | 22.59 | 24.73 | NOTE | |
r-devel-linux-x86_64-fedora-clang | 0.2 | 49.95 | WARN | |||
r-devel-linux-x86_64-fedora-gcc | 0.2 | 49.11 | WARN | |||
r-devel-windows-x86_64 | 0.2 | 25.00 | 58.00 | 83.00 | NOTE | |
r-patched-linux-x86_64 | 0.2 | 3.24 | 28.63 | 31.87 | NOTE | |
r-release-linux-x86_64 | 0.2 | 2.44 | 28.50 | 30.94 | NOTE | |
r-release-macos-arm64 | 0.2 | 18.00 | NOTE | |||
r-release-macos-x86_64 | 0.2 | 33.00 | NOTE | |||
r-release-windows-x86_64 | 0.2 | 18.00 | 56.00 | 74.00 | NOTE | |
r-oldrel-macos-arm64 | 0.2 | 20.00 | NOTE | |||
r-oldrel-macos-x86_64 | 0.2 | 29.00 | NOTE | |||
r-oldrel-windows-ix86+x86_64 | 0.2 | 9.00 | 51.00 | 60.00 | NOTE |
Version: 0.2
Check: LazyData
Result: NOTE
'LazyData' is specified without a 'data' directory
Flavors: r-devel-linux-x86_64-debian-clang, r-devel-linux-x86_64-debian-gcc, r-devel-linux-x86_64-fedora-clang, r-devel-linux-x86_64-fedora-gcc, r-devel-windows-x86_64, r-patched-linux-x86_64, r-release-linux-x86_64, r-release-macos-arm64, r-release-macos-x86_64, r-release-windows-x86_64, r-oldrel-macos-arm64, r-oldrel-macos-x86_64, r-oldrel-windows-ix86+x86_64
Version: 0.2
Check: package dependencies
Result: WARN
Requires (indirectly) orphaned package: ‘gtools’
Flavors: r-devel-linux-x86_64-fedora-clang, r-devel-linux-x86_64-fedora-gcc