CRAN Package Check Results for Package DescrTab2

Last updated on 2021-12-03 14:52:17 CET.

Flavor Version Tinstall Tcheck Ttotal Status Flags
r-devel-linux-x86_64-debian-clang 2.0.7 14.68 177.91 192.59 OK
r-devel-linux-x86_64-debian-gcc 2.1.7 11.16 158.35 169.51 OK
r-devel-linux-x86_64-fedora-clang 2.1.7 297.10 NOTE
r-devel-linux-x86_64-fedora-gcc 2.1.7 286.84 NOTE
r-devel-windows-x86_64-new-UL 2.0.7 29.00 253.00 282.00 OK
r-devel-windows-x86_64-new-TK 2.0.7 NOTE
r-devel-windows-x86_64-old 2.0.7 22.00 171.00 193.00 OK
r-patched-linux-x86_64 2.0.7 16.44 174.16 190.60 OK
r-release-linux-x86_64 2.0.7 12.82 174.05 186.87 OK
r-release-macos-arm64 2.0.7 NOTE
r-release-macos-x86_64 2.0.7 NOTE
r-release-windows-ix86+x86_64 2.1.7 3.00 6.00 9.00 ERROR
r-oldrel-macos-x86_64 2.0.7 NOTE
r-oldrel-windows-ix86+x86_64 2.0.7 32.00 221.00 253.00 OK

Check Details

Version: 2.1.7
Check: dependencies in R code
Result: NOTE
    Namespace in Imports field not imported from: ‘tidyselect’
     All declared Imports should be used.
Flavors: r-devel-linux-x86_64-fedora-clang, r-devel-linux-x86_64-fedora-gcc

Version: 2.0.7
Check: dependencies in R code
Result: NOTE
    Namespace in Imports field not imported from: 'tidyselect'
     All declared Imports should be used.
Flavors: r-devel-windows-x86_64-new-TK, r-release-macos-arm64, r-release-macos-x86_64, r-oldrel-macos-x86_64

Version: 2.1.7
Check: whether package can be installed
Result: ERROR
    Installation failed.
Flavor: r-release-windows-ix86+x86_64