Last updated on 2023-06-04 16:55:45 CEST.
Flavor | Version | Tinstall | Tcheck | Ttotal | Status | Flags |
---|---|---|---|---|---|---|
r-devel-linux-x86_64-debian-clang | 0.8.2 | 8.21 | 270.71 | 278.92 | NOTE | |
r-devel-linux-x86_64-debian-gcc | 0.8.2 | 6.34 | 191.26 | 197.60 | NOTE | |
r-devel-linux-x86_64-fedora-clang | 0.8.2 | 319.81 | NOTE | |||
r-devel-linux-x86_64-fedora-gcc | 0.8.2 | 305.53 | NOTE | |||
r-devel-windows-x86_64 | 0.8.2 | 9.00 | 232.00 | 241.00 | NOTE | |
r-patched-linux-x86_64 | 0.8.2 | 13.55 | 234.87 | 248.42 | NOTE | |
r-release-linux-x86_64 | 0.8.2 | 6.28 | 230.25 | 236.53 | NOTE | |
r-release-macos-arm64 | 0.8.2 | 101.00 | NOTE | |||
r-release-macos-x86_64 | 0.8.2 | 169.00 | NOTE | |||
r-release-windows-x86_64 | 0.8.2 | 11.00 | 262.00 | 273.00 | NOTE | |
r-oldrel-macos-arm64 | 0.8.2 | 100.00 | NOTE | |||
r-oldrel-macos-x86_64 | 0.8.2 | 196.00 | NOTE | |||
r-oldrel-windows-x86_64 | 0.8.2 | 11.00 | 293.00 | 304.00 | NOTE |
Version: 0.8.2
Check: LazyData
Result: NOTE
'LazyData' is specified without a 'data' directory
Flavors: r-devel-linux-x86_64-debian-clang, r-devel-linux-x86_64-debian-gcc, r-devel-linux-x86_64-fedora-clang, r-devel-linux-x86_64-fedora-gcc, r-devel-windows-x86_64, r-patched-linux-x86_64, r-release-linux-x86_64, r-release-macos-arm64, r-release-macos-x86_64, r-release-windows-x86_64, r-oldrel-macos-arm64, r-oldrel-macos-x86_64, r-oldrel-windows-x86_64