CRAN Package Check Results for Package DataExplorer

Last updated on 2022-05-24 03:55:08 CEST.

Flavor Version Tinstall Tcheck Ttotal Status Flags
r-devel-linux-x86_64-debian-clang 0.8.2 8.46 286.14 294.60 NOTE
r-devel-linux-x86_64-debian-gcc 0.8.2 6.73 196.76 203.49 NOTE
r-devel-linux-x86_64-fedora-clang 0.8.2 323.99 NOTE
r-devel-linux-x86_64-fedora-gcc 0.8.2 305.29 NOTE
r-devel-windows-x86_64 0.8.2 56.00 316.00 372.00 NOTE
r-patched-linux-x86_64 0.8.2 11.74 250.24 261.98 NOTE
r-release-linux-x86_64 0.8.2 NOTE
r-release-macos-arm64 0.8.2 100.00 NOTE
r-release-macos-x86_64 0.8.2 196.00 NOTE
r-release-windows-x86_64 0.8.2 55.00 321.00 376.00 NOTE
r-oldrel-macos-arm64 0.8.2 154.00 NOTE
r-oldrel-macos-x86_64 0.8.2 215.00 NOTE
r-oldrel-windows-ix86+x86_64 0.8.2 21.00 276.00 297.00 NOTE

Check Details

Version: 0.8.2
Check: LazyData
Result: NOTE
     'LazyData' is specified without a 'data' directory
Flavors: r-devel-linux-x86_64-debian-clang, r-devel-linux-x86_64-debian-gcc, r-devel-linux-x86_64-fedora-clang, r-devel-linux-x86_64-fedora-gcc, r-devel-windows-x86_64, r-patched-linux-x86_64, r-release-linux-x86_64, r-release-macos-arm64, r-release-macos-x86_64, r-release-windows-x86_64, r-oldrel-macos-arm64, r-oldrel-macos-x86_64, r-oldrel-windows-ix86+x86_64