Last updated on 2023-06-08 16:56:37 CEST.
Flavor | Version | Tinstall | Tcheck | Ttotal | Status | Flags |
---|---|---|---|---|---|---|
r-devel-linux-x86_64-debian-clang | 2.5-0 | 43.33 | 797.53 | 840.86 | OK | |
r-devel-linux-x86_64-debian-gcc | 2.5-0 | 32.63 | 592.26 | 624.89 | OK | |
r-devel-linux-x86_64-fedora-clang | 2.5-0 | 1076.64 | NOTE | |||
r-devel-linux-x86_64-fedora-gcc | 2.5-0 | 1026.32 | OK | |||
r-devel-windows-x86_64 | 2.5-0 | 34.00 | 531.00 | 565.00 | NOTE | |
r-patched-linux-x86_64 | 2.5-0 | 43.09 | 754.84 | 797.93 | OK | |
r-release-linux-x86_64 | 2.5-0 | 38.18 | 744.50 | 782.68 | OK | |
r-release-macos-arm64 | 2.5-0 | 277.00 | NOTE | |||
r-release-macos-x86_64 | 2.5-0 | 491.00 | NOTE | |||
r-release-windows-x86_64 | 2.5-0 | 47.00 | 712.00 | 759.00 | NOTE | |
r-oldrel-macos-arm64 | 2.5-0 | 231.00 | NOTE | |||
r-oldrel-macos-x86_64 | 2.5-0 | 401.00 | NOTE | |||
r-oldrel-windows-x86_64 | 2.5-0 | 56.00 | 801.00 | 857.00 | NOTE |
Version: 2.5-0
Check: installed package size
Result: NOTE
installed size is 5.6Mb
sub-directories of 1Mb or more:
doc 2.3Mb
Flavors: r-devel-linux-x86_64-fedora-clang, r-devel-windows-x86_64, r-release-macos-arm64, r-release-macos-x86_64, r-release-windows-x86_64, r-oldrel-macos-arm64, r-oldrel-macos-x86_64, r-oldrel-windows-x86_64