CRAN Package Check Results for Package ClickClust

Last updated on 2022-06-30 15:51:37 CEST.

Flavor Version Tinstall Tcheck Ttotal Status Flags
r-devel-linux-x86_64-debian-clang 1.1.5 6.67 34.42 41.09 OK
r-devel-linux-x86_64-debian-gcc 1.1.5 4.55 25.74 30.29 OK
r-devel-linux-x86_64-fedora-clang 1.1.5 59.47 NOTE
r-devel-linux-x86_64-fedora-gcc 1.1.5 60.11 NOTE
r-devel-windows-x86_64 1.1.5 33.00 62.00 95.00 OK
r-patched-linux-x86_64 1.1.5 4.86 32.23 37.09 OK
r-release-linux-x86_64 1.1.5 5.38 32.37 37.75 OK
r-release-macos-arm64 1.1.5 20.00 OK
r-release-macos-x86_64 1.1.5 29.00 OK
r-release-windows-x86_64 1.1.5 17.00 61.00 78.00 OK
r-oldrel-macos-arm64 1.1.5 26.00 OK
r-oldrel-macos-x86_64 1.1.5 34.00 OK
r-oldrel-windows-ix86+x86_64 1.1.5 16.00 64.00 80.00 OK

Check Details

Version: 1.1.5
Check: compiled code
Result: NOTE
    File ‘ClickClust/libs/ClickClust.so’:
     Found no calls to: ‘R_registerRoutines’, ‘R_useDynamicSymbols’
    
    It is good practice to register native routines and to disable symbol
    search.
    
    See ‘Writing portable packages’ in the ‘Writing R Extensions’ manual.
Flavors: r-devel-linux-x86_64-fedora-clang, r-devel-linux-x86_64-fedora-gcc