CRAN Package Check Results for Package Certara.R

Last updated on 2023-06-08 16:56:34 CEST.

Flavor Version Tinstall Tcheck Ttotal Status Flags
r-devel-linux-x86_64-debian-clang 1.0.0 1.93 22.00 23.93 OK
r-devel-linux-x86_64-debian-gcc 1.0.0 2.10 17.28 19.38 OK
r-devel-linux-x86_64-fedora-clang 1.0.0 29.89 NOTE
r-devel-linux-x86_64-fedora-gcc 1.0.0 29.49 NOTE
r-devel-windows-x86_64 1.0.0 4.00 39.00 43.00 OK
r-patched-linux-x86_64 1.0.0 2.65 20.19 22.84 OK
r-release-linux-x86_64 1.0.0 2.58 20.22 22.80 OK
r-release-macos-arm64 1.0.0 15.00 OK
r-release-macos-x86_64 1.0.0 17.00 OK
r-release-windows-x86_64 1.0.0 5.00 37.00 42.00 OK
r-oldrel-macos-arm64 1.0.0 15.00 NOTE
r-oldrel-macos-x86_64 1.0.0 22.00 NOTE
r-oldrel-windows-x86_64 1.0.0 5.00 62.00 67.00 OK

Check Details

Version: 1.0.0
Check: dependencies in R code
Result: NOTE
    Namespaces in Imports field not imported from:
     ‘DT’ ‘batchtools’ ‘data.table’ ‘dplyr’ ‘ggplot2’ ‘htmltools’
     ‘jsonlite’ ‘magrittr’ ‘methods’ ‘plotly’ ‘reshape’ ‘rlang’ ‘shiny’
     ‘shinyWidgets’ ‘shinyjqui’ ‘shinyjs’ ‘shinymaterial’ ‘sortable’ ‘ssh’
     ‘xml2’
     All declared Imports should be used.
Flavors: r-devel-linux-x86_64-fedora-clang, r-devel-linux-x86_64-fedora-gcc, r-oldrel-macos-arm64, r-oldrel-macos-x86_64