Last updated on 2023-06-08 16:56:35 CEST.
Flavor | Version | Tinstall | Tcheck | Ttotal | Status | Flags |
---|---|---|---|---|---|---|
r-devel-linux-x86_64-debian-clang | 0.2.3 | 12.22 | 585.72 | 597.94 | OK | |
r-devel-linux-x86_64-debian-gcc | 0.2.3 | 9.11 | 398.37 | 407.48 | OK | |
r-devel-linux-x86_64-fedora-clang | 0.2.3 | 667.14 | NOTE | |||
r-devel-linux-x86_64-fedora-gcc | 0.2.3 | 655.08 | OK | |||
r-devel-windows-x86_64 | 0.2.3 | 12.00 | 243.00 | 255.00 | OK | |
r-patched-linux-x86_64 | 0.2.3 | 10.71 | 522.00 | 532.71 | OK | |
r-release-linux-x86_64 | 0.2.3 | 11.33 | 534.67 | 546.00 | OK | |
r-release-macos-arm64 | 0.2.3 | 153.00 | OK | |||
r-release-macos-x86_64 | 0.2.1 | 265.00 | NOTE | |||
r-release-windows-x86_64 | 0.2.3 | 16.00 | 305.00 | 321.00 | OK | |
r-oldrel-macos-arm64 | 0.2.3 | 137.00 | OK | |||
r-oldrel-macos-x86_64 | 0.2.3 | 229.00 | OK | |||
r-oldrel-windows-x86_64 | 0.2.3 | 16.00 | 295.00 | 311.00 | OK |
Version: 0.2.3
Check: package dependencies
Result: NOTE
Package suggested but not available for checking: ‘baggr’
Flavor: r-devel-linux-x86_64-fedora-clang
Version: 0.2.1
Check: package dependencies
Result: NOTE
Package suggested but not available for checking: ‘baggr’
Flavor: r-release-macos-x86_64