Last updated on 2025-06-17 15:48:40 CEST.
Flavor | Version | Tinstall | Tcheck | Ttotal | Status | Flags |
---|---|---|---|---|---|---|
r-devel-linux-x86_64-debian-clang | 2.2 | 3.02 | 29.07 | 32.09 | NOTE | |
r-devel-linux-x86_64-debian-gcc | 2.2 | 2.15 | 23.05 | 25.20 | NOTE | |
r-devel-linux-x86_64-fedora-clang | 2.2 | 48.12 | OK | |||
r-devel-linux-x86_64-fedora-gcc | 2.2 | 45.22 | OK | |||
r-devel-windows-x86_64 | 2.2 | 4.00 | 55.00 | 59.00 | OK | |
r-patched-linux-x86_64 | 2.2 | 2.89 | 27.88 | 30.77 | OK | |
r-release-linux-x86_64 | 2.2 | 2.79 | 27.76 | 30.55 | OK | |
r-release-macos-arm64 | 2.2 | 24.00 | OK | |||
r-release-macos-x86_64 | 2.2 | 53.00 | OK | |||
r-release-windows-x86_64 | 2.2 | 4.00 | 57.00 | 61.00 | OK | |
r-oldrel-macos-arm64 | 2.2 | 23.00 | OK | |||
r-oldrel-macos-x86_64 | 2.2 | 32.00 | OK | |||
r-oldrel-windows-x86_64 | 2.2 | 4.00 | 63.00 | 67.00 | OK |
Version: 2.2
Check: CRAN incoming feasibility
Result: NOTE
Maintainer: ‘Guoli Sun <[email protected]>’
No Authors@R field in DESCRIPTION.
Please add one, modifying
Authors@R: c(person(given = "Alex",
family = "Krasnitz",
role = "aut"),
person(given = "Guoli",
family = "Sun",
role = c("aut", "cre"),
email = "[email protected]"))
as necessary.
Flavors: r-devel-linux-x86_64-debian-clang, r-devel-linux-x86_64-debian-gcc