CRAN Package Check Results for Package CDSeq

Last updated on 2022-02-10 14:52:43 CET.

Flavor Version Tinstall Tcheck Ttotal Status Flags
r-devel-linux-x86_64-debian-clang 1.0.8 71.35 263.38 334.73 WARN
r-devel-linux-x86_64-debian-gcc 1.0.8 48.71 196.27 244.98 WARN
r-devel-linux-x86_64-fedora-clang 1.0.8 452.85 WARN
r-devel-linux-x86_64-fedora-gcc 1.0.8 409.31 WARN
r-devel-windows-x86_64-new-UL 1.0.8 88.00 348.00 436.00 WARN
r-devel-windows-x86_64-new-TK 1.0.8 WARN
r-patched-linux-x86_64 1.0.8 65.11 243.96 309.07 WARN
r-release-linux-x86_64 1.0.8 60.37 242.66 303.03 WARN
r-release-macos-arm64 1.0.8 NOTE
r-release-macos-x86_64 1.0.8 NOTE
r-release-windows-ix86+x86_64 1.0.8 171.00 421.00 592.00 WARN
r-oldrel-macos-x86_64 1.0.8 NOTE
r-oldrel-windows-ix86+x86_64 1.0.8 114.00 8.00 122.00 ERROR

Check Details

Version: 1.0.8
Check: whether package can be installed
Result: WARN
    Found the following significant warnings:
     Warning: replacing previous import 'RcppThread::detectCores' by 'parallel::detectCores' when loading 'CDSeq'
Flavors: r-devel-linux-x86_64-debian-clang, r-devel-linux-x86_64-debian-gcc, r-devel-linux-x86_64-fedora-clang, r-devel-linux-x86_64-fedora-gcc, r-devel-windows-x86_64-new-UL, r-devel-windows-x86_64-new-TK, r-patched-linux-x86_64, r-release-linux-x86_64, r-release-windows-ix86+x86_64

Version: 1.0.8
Check: dependencies in R code
Result: NOTE
    Namespaces in Imports field not imported from:
     ‘ggpubr’ ‘matrixStats’ ‘qlcMatrix’
     All declared Imports should be used.
Flavors: r-devel-linux-x86_64-fedora-clang, r-devel-linux-x86_64-fedora-gcc, r-devel-windows-x86_64-new-TK, r-release-macos-arm64, r-release-macos-x86_64, r-oldrel-macos-x86_64

Version: 1.0.8
Check: installed package size
Result: NOTE
     installed size is 5.6Mb
     sub-directories of 1Mb or more:
     doc 2.4Mb
     libs 1.9Mb
Flavors: r-release-macos-arm64, r-release-macos-x86_64, r-release-windows-ix86+x86_64, r-oldrel-macos-x86_64

Version: 1.0.8
Check: whether package can be installed
Result: ERROR
    Installation failed.
Flavor: r-oldrel-windows-ix86+x86_64