CRAN Package Check Results for Package BatchGetSymbols

Last updated on 2021-08-01 03:49:53 CEST.

Flavor Version Tinstall Tcheck Ttotal Status Flags
r-devel-linux-x86_64-debian-clang 2.6.1 5.12 55.43 60.55 NOTE
r-devel-linux-x86_64-debian-gcc 2.6.1 4.00 41.65 45.65 NOTE
r-devel-linux-x86_64-fedora-clang 2.6.1 80.86 NOTE
r-devel-linux-x86_64-fedora-gcc 2.6.1 68.02 NOTE
r-devel-windows-x86_64 2.6.1 7.00 73.00 80.00 NOTE
r-devel-windows-x86_64-gcc10-UCRT 2.6.1 NOTE
r-patched-linux-x86_64 2.6.1 NOTE
r-patched-solaris-x86 2.6.1 96.60 NOTE
r-release-linux-x86_64 2.6.1 4.63 51.76 56.39 NOTE
r-release-macos-arm64 2.6.1 WARN
r-release-macos-x86_64 2.6.1 NOTE
r-release-windows-ix86+x86_64 2.6.1 13.00 75.00 88.00 NOTE
r-oldrel-macos-x86_64 2.6.1 OK
r-oldrel-windows-ix86+x86_64 2.6.1 10.00 77.00 87.00 OK

Check Details

Version: 2.6.1
Check: LazyData
Result: NOTE
     'LazyData' is specified without a 'data' directory
Flavors: r-devel-linux-x86_64-debian-clang, r-devel-linux-x86_64-debian-gcc, r-devel-linux-x86_64-fedora-clang, r-devel-linux-x86_64-fedora-gcc, r-devel-windows-x86_64, r-devel-windows-x86_64-gcc10-UCRT, r-patched-linux-x86_64, r-patched-solaris-x86, r-release-linux-x86_64, r-release-macos-arm64, r-release-macos-x86_64, r-release-windows-ix86+x86_64

Version: 2.6.1
Check: re-building of vignette outputs
Result: WARN
    Error(s) in re-building vignettes:
     ...
    --- re-building ‘BatchGetSymbols-vignette.Rmd’ using rmarkdown
    Warning in engine$weave(file, quiet = quiet, encoding = enc) :
     Pandoc (>= 1.12.3) not available. Falling back to R Markdown v1.
    Warning in .getClassesFromCache(Class) :
     closing unused connection 4 (https://query1.finance.yahoo.com/v7/finance/download/abcdef?period1=1621987200&period2=1627171200&interval=1d&events=history&crumb=kndt78ujj6J)
    Quitting from lines 67-73 (BatchGetSymbols-vignette.Rmd)
    Error: processing vignette 'BatchGetSymbols-vignette.Rmd' failed with diagnostics:
    polygon edge not found
    --- failed re-building ‘BatchGetSymbols-vignette.Rmd’
    
    SUMMARY: processing the following file failed:
     ‘BatchGetSymbols-vignette.Rmd’
    
    Error: Vignette re-building failed.
    Execution halted
Flavor: r-release-macos-arm64