CRAN Package Check Results for Package BCHM

Last updated on 2021-12-03 14:52:13 CET.

Flavor Version Tinstall Tcheck Ttotal Status Flags
r-devel-linux-x86_64-debian-clang 1.00 2.97 50.10 53.07 NOTE
r-devel-linux-x86_64-debian-gcc 1.00 2.64 38.59 41.23 NOTE
r-devel-linux-x86_64-fedora-clang 1.00 76.13 NOTE
r-devel-linux-x86_64-fedora-gcc 1.00 68.03 NOTE
r-devel-windows-x86_64-new-UL 1.00 8.00 93.00 101.00 NOTE
r-devel-windows-x86_64-new-TK 1.00 NOTE
r-devel-windows-x86_64-old 1.00 6.00 60.00 66.00 NOTE
r-patched-linux-x86_64 1.00 3.54 38.32 41.86 NOTE
r-release-linux-x86_64 1.00 3.20 39.32 42.52 NOTE
r-release-macos-arm64 1.00 NOTE
r-release-macos-x86_64 1.00 NOTE
r-release-windows-ix86+x86_64 1.00 7.00 63.00 70.00 NOTE
r-oldrel-macos-x86_64 1.00 NOTE
r-oldrel-windows-ix86+x86_64 1.00 7.00 64.00 71.00 OK

Check Details

Version: 1.00
Check: LazyData
Result: NOTE
     'LazyData' is specified without a 'data' directory
Flavors: r-devel-linux-x86_64-debian-clang, r-devel-linux-x86_64-debian-gcc, r-devel-linux-x86_64-fedora-clang, r-devel-linux-x86_64-fedora-gcc, r-devel-windows-x86_64-new-UL, r-devel-windows-x86_64-new-TK, r-devel-windows-x86_64-old, r-patched-linux-x86_64, r-release-linux-x86_64, r-release-macos-arm64, r-release-macos-x86_64, r-release-windows-ix86+x86_64

Version: 1.00
Check: dependencies in R code
Result: NOTE
    Namespaces in Imports field not imported from:
     ‘coda’ ‘knitr’ ‘plyr’
     All declared Imports should be used.
Flavors: r-devel-linux-x86_64-fedora-clang, r-devel-linux-x86_64-fedora-gcc, r-devel-windows-x86_64-new-TK, r-release-macos-arm64, r-release-macos-x86_64, r-oldrel-macos-x86_64