CRAN Package Check Results for Package ALTopt

Last updated on 2022-05-24 03:55:04 CEST.

Flavor Version Tinstall Tcheck Ttotal Status Flags
r-devel-linux-x86_64-debian-clang 0.1.2 2.43 38.84 41.27 NOTE
r-devel-linux-x86_64-debian-gcc 0.1.2 2.09 30.12 32.21 NOTE
r-devel-linux-x86_64-fedora-clang 0.1.2 51.05 NOTE
r-devel-linux-x86_64-fedora-gcc 0.1.2 53.68 NOTE
r-devel-windows-x86_64 0.1.2 16.00 56.00 72.00 NOTE
r-patched-linux-x86_64 0.1.2 4.06 37.62 41.68 NOTE
r-release-linux-x86_64 0.1.2 NOTE
r-release-macos-arm64 0.1.2 17.00 NOTE
r-release-macos-x86_64 0.1.2 25.00 NOTE
r-release-windows-x86_64 0.1.2 10.00 63.00 73.00 NOTE
r-oldrel-macos-arm64 0.1.2 24.00 NOTE
r-oldrel-macos-x86_64 0.1.2 32.00 NOTE
r-oldrel-windows-ix86+x86_64 0.1.2 7.00 47.00 54.00 NOTE

Check Details

Version: 0.1.2
Check: LazyData
Result: NOTE
     'LazyData' is specified without a 'data' directory
Flavors: r-devel-linux-x86_64-debian-clang, r-devel-linux-x86_64-debian-gcc, r-devel-linux-x86_64-fedora-clang, r-devel-linux-x86_64-fedora-gcc, r-devel-windows-x86_64, r-patched-linux-x86_64, r-release-linux-x86_64, r-release-macos-arm64, r-release-macos-x86_64, r-release-windows-x86_64, r-oldrel-macos-arm64, r-oldrel-macos-x86_64, r-oldrel-windows-ix86+x86_64